r when 80 is divided by 17.
12
Calculate the remainder when 118 is divided by 53.
12
Calculate the remainder when 223 is divided by 78.
67
What is the remainder when 571 is divided by 82?
79
What is the remainder when 736 is divided by 10?
6
What is the remainder when 113 is divided by 46?
21
What is the remainder when 15738 is divided by 20?
18
What is the remainder when 182 is divided by 148?
34
What is the remainder when 630 is divided by 55?
25
Calculate the remainder when 100 is divided by 46.
8
Calculate the remainder when 381 is divided by 12.
9
Calculate the remainder when 187 is divided by 68.
51
What is the remainder when 299 is divided by 165?
134
What is the remainder when 3668 is divided by 102?
98
What is the remainder when 1557 is divided by 262?
247
Calculate the remainder when 12773 is divided by 73.
71
Calculate the remainder when 447 is divided by 77.
62
What is the remainder when 656 is divided by 15?
11
What is the remainder when 107 is divided by 22?
19
What is the remainder when 199 is divided by 72?
55
Calculate the remainder when 2251 is divided by 14.
11
What is the remainder when 99 is divided by 13?
8
Calculate the remainder when 166 is divided by 43.
37
Calculate the remainder when 275 is divided by 118.
39
What is the remainder when 14959 is divided by 20?
19
Calculate the remainder when 1277 is divided by 128.
125
What is the remainder when 100 is divided by 34?
32
Calculate the remainder when 65 is divided by 22.
21
What is the remainder when 214 is divided by 3?
1
Calculate the remainder when 214 is divided by 97.
20
Calculate the remainder when 94 is divided by 41.
12
What is the remainder when 380 is divided by 48?
44
Calculate the remainder when 63730 is divided by 391.
388
What is the remainder when 263 is divided by 45?
38
What is the remainder when 3776 is divided by 105?
101
Calculate the remainder when 406 is divided by 17.
15
Calculate the remainder when 462 is divided by 3.
0
What is the remainder when 4210 is divided by 81?
79
What is the remainder when 5434 is divided by 4?
2
What is the remainder when 128 is divided by 62?
4
What is the remainder when 133 is divided by 81?
52
What is the remainder when 286 is divided by 37?
27
Calculate the remainder when 152 is divided by 48.
8
Calculate the remainder when 298 is divided by 23.
22
Calculate the remainder when 246 is divided by 56.
22
What is the remainder when 2434 is divided by 53?
49
Calculate the remainder when 445 is divided by 56.
53
Calculate the remainder when 2102 is divided by 347.
20
What is the remainder when 137 is divided by 28?
25
What is the remainder when 53 is divided by 30?
23
What is the remainder when 357 is divided by 355?
2
Calculate the remainder when 2196 is divided by 169.
168
What is the remainder when 50 is divided by 29?
21
Calculate the remainder when 1478 is divided by 51.
50
Calculate the remainder when 125 is divided by 120.
5
What is the remainder when 154 is divided by 13?
11
What is the remainder when 468 is divided by 59?
55
Calculate the remainder when 151 is divided by 6.
1
What is the remainder when 3191 is divided by 56?
55
Calculate the remainder when 613 is divided by 39.
28
Calculate the remainder when 102 is divided by 29.
15
Calculate the remainder when 568 is divided by 26.
22
Calculate the remainder when 1153 is divided by 165.
163
Calculate the remainder when 62 is divided by 14.
6
What is the remainder when 2566 is divided by 6?
4
What is the remainder when 812 is divided by 170?
132
What is the remainder when 93 is divided by 8?
5
What is the remainder when 808 is divided by 15?
13
What is the remainder when 2612 is divided by 113?
13
What is the remainder when 157 is divided by 70?
17
Calculate the remainder when 325 is divided by 316.
9
What is the remainder when 63 is divided by 23?
17
What is the remainder when 164 is divided by 52?
8
Calculate the remainder when 600 is divided by 75.
0
What is the remainder when 2445 is divided by 72?
69
Calculate the remainder when 236 is divided by 7.
5
Calculate the remainder when 1730 is divided by 31.
25
What is the remainder when 1271 is divided by 233?
106
What is the remainder when 8475 is divided by 26?
25
Calculate the remainder when 4223 is divided by 7.
2
Calculate the remainder when 74 is divided by 31.
12
Calculate the remainder when 196 is divided by 33.
31
Calculate the remainder when 66 is divided by 25.
16
Calculate the remainder when 939 is divided by 83.
26
What is the remainder when 578 is divided by 143?
6
Calculate the remainder when 427 is divided by 106.
3
What is the remainder when 346 is divided by 50?
46
What is the remainder when 2378 is divided by 68?
66
What is the remainder when 2981 is divided by 15?
11
Calculate the remainder when 289 is divided by 49.
44
What is the remainder when 339 is divided by 70?
59
Calculate the remainder when 272 is divided by 48.
32
Calculate the remainder when 1138 is divided by 31.
22
What is the remainder when 91 is divided by 22?
3
Calculate the remainder when 1551 is divided by 37.
34
Calculate the remainder when 2431 is divided by 32.
31
Calculate the remainder when 3023 is divided by 108.
107
Calculate the remainder when 4126 is divided by 81.
76
Calculate the remainder when 158 is divided by 13.
2
Calculate the remainder when 1121 is divided by 62.
5
What is the remainder when 254 is divided by 46?
24
What is the remainder when 127 is divided by 32?
31
Calculate the remainder when 443 is divided by 218.
7
Calculate the remainder when 2839 is divided by 75.
64
Calculate the remainder when 106 is divided by 11.
7
Calculate the remainder when 983 is divided by 29.
26
Calculate the remainder when 2058 is divided by 24.
18
Calculate the remainder when 914 is divided by 49.
32
Calculate the remainder when 1650 is divided by 329.
5
Calculate the remainder when 144 is divided by 29.
28
Calculate the remainder when 732 is divided by 10.
2
What is the remainder when 1320 is divided by 21?
18
What is the remainder when 2125 is divided by 4?
1
What is the remainder when 13003 is divided by 9?
7
What is the remainder when 2508 is divided by 37?
29
Calculate the remainder when 909 is divided by 86.
49
Calculate the remainder when 1386 is divided by 4.
2
Calculate the remainder when 5914 is divided by 79.
68
What is the remainder when 1615 is divided by 537?
4
Calculate the remainder when 229 is divided by 160.
69
What is the remainder when 383 is divided by 94?
7
Calculate the remainder when 1321 is divided by 133.
124
Calculate the remainder when 211 is divided by 71.
69
What is the remainder when 69 is divided by 39?
30
What is the remainder when 105 is divided by 102?
3
What is the remainder when 825 is divided by 386?
53
Calculate the remainder when 405 is divided by 38.
25
What is the remainder when 5128 is divided by 65?
58
What is the remainder when 10089 is divided by 14?
9
Calculate the remainder when 233 is divided by 18.
17
Calculate the remainder when 1127 is divided by 115.
92
What is the remainder when 244 is divided by 36?
28
What is the remainder when 151 is divided by 104?
47
Calculate the remainder when 942 is divided by 134.
4
Calculate the remainder when 216 is divided by 11.
7
Calculate the remainder when 137 is divided by 7.
4
What is the remainder when 119 is divided by 7?
0
What is the remainder when 68 is divided by 10?
8
What is the remainder when 58 is divided by 45?
13
What is the remainder when 227 is divided by 79?
69
Calculate the remainder when 417 is divided by 85.
77
What is the remainder when 860 is divided by 430?
0
What is the remainder when 6614 is divided by 63?
62
Calculate the remainder when 209 is divided by 69.
2
What is the remainder when 217 is divided by 11?
8
Calculate the remainder when 284 is divided by 92.
8
What is the remainder when 1118 is divided by 19?
16
What is the remainder when 400 is divided by 393?
7
What is the remainder when 43 is divided by 24?
19
What is the remainder when 149 is divided by 144?
5
What is the remainder when 1011 is divided by 991?
20
What is the remainder when 522 is divided by 137?
111
Calculate the remainder when 252 is divided by 3.
0
Calculate the remainder when 98 is divided by 6.
2
Calculate the remainder when 47 i